 - -4?
-460
In base 16, what is -337 - 9?
-340
In base 13, what is -11 - -a?
-4
In base 14, what is 21 + -16?
9
In base 3, what is 0 + -210000?
-210000
In base 9, what is -75 - 5?
-81
In base 4, what is -100021 - -11?
-100010
In base 2, what is 11111100 + -10?
11111010
In base 10, what is 1 - -131?
132
In base 12, what is 14 - 21a?
-206
In base 6, what is -1 - 113?
-114
In base 3, what is -12 + 2121?
2102
In base 6, what is 5 - -33?
42
In base 11, what is -16 + 0?
-16
In base 8, what is -156 + 16?
-140
In base 14, what is -2d - 0?
-2d
In base 2, what is 11 - 110100110?
-110100011
In base 6, what is 4 + -35?
-31
In base 10, what is -441 - 0?
-441
In base 8, what is -26245 + -1?
-26246
In base 6, what is -11 - -2?
-5
In base 12, what is 40 - -8?
48
In base 12, what is -138 + b?
-129
In base 16, what is 25b - 7?
254
In base 5, what is -1 + 113?
112
In base 13, what is 37 + -5b?
-24
In base 10, what is -125 + 14?
-111
In base 10, what is 275 - -1?
276
In base 8, what is 6420 + -2?
6416
In base 4, what is -10 + -3300?
-3310
In base 2, what is -10000 - -1110101?
1100101
In base 14, what is 30c + 11?
31d
In base 15, what is 7d + 4?
82
In base 8, what is 10 + -1007?
-777
In base 15, what is 1 - -350?
351
In base 16, what is -d + 1c7?
1ba
In base 10, what is -286 + 5?
-281
In base 7, what is 3 + 162?
165
In base 8, what is -4 - -71?
65
In base 7, what is 31 + -21?
10
In base 4, what is 122 + -21?
101
In base 13, what is 2 - 2a6?
-2a4
In base 12, what is -4 + -54?
-58
In base 8, what is -264 - 2?
-266
In base 9, what is -14 + -13?
-27
In base 13, what is 4 - -214c?
2153
In base 15, what is 165 - b?
159
In base 8, what is 350 + 1?
351
In base 11, what is -38 - -1?
-37
In base 15, what is -aa + -1?
-ab
In base 2, what is 1010 + -101001?
-11111
In base 3, what is 1220022 + 1?
1220100
In base 5, what is 321 - 0?
321
In base 13, what is 2 - 492?
-490
In base 2, what is 100 - 1000110100?
-1000110000
In base 15, what is -55 + 9?
-4b
In base 16, what is -1c3 - 13?
-1d6
In base 8, what is 0 + 54?
54
In base 3, what is 12 - -11102?
11121
In base 11, what is 476 + 2?
478
In base 9, what is -4 + -1855?
-1860
In base 9, what is 8286 - 4?
8282
In base 6, what is -4205 - 0?
-4205
In base 12, what is -4 + -11a?
-122
In base 16, what is -2d9 + 4?
-2d5
In base 15, what is -7 + 12?
a
In base 7, what is -261 + -2?
-263
In base 16, what is 105 + 1?
106
In base 8, what is 52632 - 2?
52630
In base 8, what is 7372 - 3?
7367
In base 2, what is -100 + -11101100111?
-11101101011
In base 9, what is -12 + -53?
-65
In base 12, what is 114 + 3?
117
In base 3, what is 110 + -220?
-110
In base 8, what is 45 + -2?
43
In base 16, what is 1 + 6d?
6e
In base 12, what is -1658 + 6?
-1652
In base 5, what is 3 + 2432?
2440
In base 10, what is 5 - 4093?
-4088
In base 12, what is 35b - 3?
358
In base 4, what is 2 - 20031?
-20023
In base 14, what is -3 - 34?
-37
In base 7, what is 13 - 530?
-514
In base 7, what is 4 + 5016?
5023
In base 10, what is 10 - 91?
-81
In base 7, what is 12 - -4164?
4206
In base 14, what is 3 + 8?
b
In base 7, what is -255 + 4?
-251
In base 8, what is 64 + 542?
626
In base 2, what is 101 - 1000010110?
-1000010001
In base 12, what is ab3 - 6?
aa9
In base 9, what is -320 - 5?
-325
In base 7, what is -540 + -122?
-662
In base 11, what is 5 + -50?
-46
In base 6, what is 0 - -150?
150
In base 15, what is 39 - 6?
33
In base 7, what is 1 + -3362?
-3361
In base 8, what is 23 + 5?
30
In base 16, what is 2 + 1e?
20
In base 10, what is -1111 - -3?
-1108
In base 3, what is -11 + 12022112?
12022101
In base 9, what is 4270 - -2?
4272
In base 3, what is 1002021 - 20?
1002001
In base 15, what is 1 - 130?
-12e
In base 9, what is -2 + -157?
-160
In base 10, what is 607 - -5?
612
In base 2, what is -1101100 - 101000?
-10010100
In base 5, what is -1111 - -1?
-1110
In base 6, what is -4 - 40?
-44
In base 12, what is -2 - -126?
124
In base 8, what is -2 - -755?
753
In base 5, what is 3440 - -3?
3443
In base 11, what is -a + -102?
-111
In base 3, what is 1121 + -11?
1110
In base 12, what is -5 - 1b2?
-1b7
In base 16, what is -2 + -1?
-3
In base 6, what is -2 - 14?
-20
In base 5, what is -3 + -13100?
-13103
In base 16, what is 13 + 1a?
2d
In base 10, what is -14 - 18?
-32
In base 7, what is 601 - 2?
566
In base 11, what is 9 - 11?
-3
In base 8, what is -3 - 16?
-21
In base 13, what is 2 - -69?
6b
In base 15, what is -29 + -e9?
-123
In base 16, what is 4 - -629?
62d
In base 5, what is 2 + 3333?
3340
In base 13, what is -c1 + -1?
-c2
In base 16, what is -a24 + -2?
-a26
In base 16, what is 5 - 18f5?
-18f0
In base 12, what is -a979 + -2?
-a97b
In base 13, what is -9 - 5c?
-68
In base 13, what is -2726 - 0?
-2726
In base 3, what is -20 - 0?
-20
In base 6, what is -1235 + -2?
-1241
In base 13, what is 5 + 878?
880
In base 5, what is 222 + -4?
213
In base 3, what is 100200101 + -2?
100200022
In base 5, what is -3 + 4203?
4200
In base 7, what is 22 - -1?
23
In base 15, what is 12 - 10?
2
In base 8, what is -2 - -5?
3
In base 10, what is -680 - -4?
-676
In base 2, what is 10000 + 1011001?
1101001
In base 14, what is -21 - 21?
-42
In base 7, what is -5 + -1225?
-1233
In base 6, what is -20 + -2430?
-2450
In base 4, what is 2 + 132?
200
In base 12, what is 4 - -5b3?
5b7
In base 4, what is 100 - -103103?
103203
In base 7, what is 360 + 0?
360
In base 5, what is -13412 + 3?
-13404
In base 6, what is -22 + -42?
-104
In base 6, what is -1533 - -4?
-1525
In base 6, what is -145 + 2?
-143
In base 8, what is -12 - 32?
-44
In base 3, what is -2122112 - 12?
-2122201
In base 8, what is -362 - 2?
-364
In base 10, what is 1 - -84?
85
In base 9, what is 8507 - 5?
8502
In base 3, what is -11 - -2201?
2120
In base 5, what is -123 - 1432?
-2110
In base 9, what is 224 + 2?
226
In base 14, what is 1013 - 3?
1010
In base 15, what is 21a + a?
225
In base 5, what is -41 - 10?
-101
In base 6, what is -1010 + -2?
-1012
In base 3, what is 221110 - -21?
221201
In base 9, what is 8 - 1336?
-1327
In base 15, what is d - 52?
-44
In base 13, what is 3 - 6c?
-69
In base 9, what is -6430 - 5?
-6435
In base 6, what is 4 + -132?
-124
In base 13, what is 4 - -1c2?
1c6
In base 11, what is 5 + 639?
643
In base 9, what is -205 + 8?
-186
In base 7, what is -11 - -125?
114
In base 13, what is 7302 + -2?
7300
In base 11, what is 5 - -3?
8
In base 15, what is -2b - d0?
-10b
In base 10, what is 807 + 3?
810
In base 16, what is 274 + -2?
272
In base 12, what is -2760 + 5?
-2757
In base 8, what is -534 - -23?
-511
In base 5, what is -1010 - -10?
-1000
In base 3, what is -11101 + -1222?
-20100
In base 8, what is 63623 - 1?
63622
In base 10, what is -10 - -252?
242
In base 16, what is 3 - -225?
228
In base 14, what is -2208 + -5?
-220d
In base 3, what is 21 - -212?
1010
In base 13, what is -517 + -3?
-51a
In base 10, what is -5 - -394?
389
In base 13, what is 3 + -13?
-10
In base 4, what is -212312 + -10?
-212322
In base 3, what is -1002 - 0?
-1002
In base 15, what is -27 + -2?
-29
In base 6, what is -52 - 50?
-142
In base 10, what is -56 + -22?
-78
In base 7, what is 4 + 34?
41
In base 8, what is 424 - 0?
424
In base 10, what is 2 + -44?
-42
In base 7, what is 5453 - -3?
5456
In base 12, what is -23 + -17?
-3a
In base 2, what is 1 + -1110000010?
-1110000001
In base 13, what is 1171 - 0?
1171
In base 8, what is -3 + 1147?
1144
In base 7, what is -436 + -11?
-450
In base 6, what is -3515 - 11?
-3530
In base 3, what is -20212 + 0?
-20212
In base 2, what is 10001100 + -101?
10000111
In base 13, what is -2 - a7?
-a9
In base 3, what is 12 + 21210211?
21211000
In base 2, what is 1100001111 + -10?
1100001101
In base 14, what is -1 + -2a?
-2b
In base 10, what is -6278 - 1?
-6279
In base 15, what is 40 - 15?
2a
In base 5, what is 3433 - -2?
3440
In base 2, what is 100 + -1000010?
-111110
In base 14, what is 6 - -1d9?
201
In base 14, what is -3 + b3?
b0
In base 3, what is -1 + -21102221?
-21102222
In base 16, what is 14a - -3?
14d
In base 8, what is -173 + 2?
-171
In base 11, what is 10 + -1a3?
-193
In base 2, what is 10001 + 1110001010?
1110011011
In base 3, what is 210210 + 10?
210220
In base 8, what is -26276 + 5?
-26271
In base 5, what is -302043 - 10?
-302103
In base 10, what is -3 - 34?
-37
In base 10, what is 829 - 1?
828
In base 8, what is -575 +